76384624 is divided by 1?
0
What is the remainder when 100037370 is divided by 889?
867
What is the remainder when 3720 is divided by 849?
324
Calculate the remainder when 868259 is divided by 378.
371
What is the remainder when 1642626 is divided by 1206?
54
What is the remainder when 231512 is divided by 115742?
28
Calculate the remainder when 906909 is divided by 9068.
109
What is the remainder when 280958 is divided by 2896?
46
Calculate the remainder when 2548110 is divided by 1002.
24
What is the remainder when 144295 is divided by 3279?
19
What is the remainder when 23799387 is divided by 15?
12
Calculate the remainder when 148057338 is divided by 14805733.
8
Calculate the remainder when 102281 is divided by 102046.
235
Calculate the remainder when 22604029 is divided by 1310.
1289
Calculate the remainder when 8379478 is divided by 52.
42
What is the remainder when 1560217 is divided by 156021?
7
Calculate the remainder when 378992 is divided by 60.
32
Calculate the remainder when 7093464 is divided by 37.
9
What is the remainder when 69795 is divided by 22583?
2046
What is the remainder when 5023324 is divided by 253?
9
What is the remainder when 15144455 is divided by 1244?
1243
Calculate the remainder when 1044924 is divided by 33707.
7
Calculate the remainder when 102878 is divided by 67.
33
What is the remainder when 1220523 is divided by 1467?
1446
What is the remainder when 20815685 is divided by 33?
11
What is the remainder when 1947447 is divided by 1512?
1503
What is the remainder when 1960349 is divided by 908?
885
What is the remainder when 18527376 is divided by 213?
210
What is the remainder when 474337772 is divided by 9?
8
What is the remainder when 4964 is divided by 1813?
1338
What is the remainder when 36214346 is divided by 1646105?
36
Calculate the remainder when 28181694 is divided by 31.
28
Calculate the remainder when 1038596 is divided by 1967.
20
What is the remainder when 211142989 is divided by 12884?
12881
Calculate the remainder when 2886594 is divided by 1093.
1074
What is the remainder when 41691 is divided by 11?
1
What is the remainder when 393304 is divided by 1195?
149
What is the remainder when 5778442 is divided by 1914?
76
What is the remainder when 2741297 is divided by 3861?
3848
What is the remainder when 968614 is divided by 7676?
1438
What is the remainder when 93220 is divided by 30996?
232
Calculate the remainder when 452057 is divided by 75334.
53
Calculate the remainder when 51620 is divided by 51425.
195
What is the remainder when 507444 is divided by 3426?
396
What is the remainder when 643846 is divided by 249?
181
What is the remainder when 49509 is divided by 157?
54
What is the remainder when 467312089 is divided by 2171?
2168
What is the remainder when 13756 is divided by 12402?
1354
Calculate the remainder when 7383432 is divided by 323.
298
Calculate the remainder when 764611 is divided by 764392.
219
What is the remainder when 329010 is divided by 4445?
80
What is the remainder when 483773 is divided by 797?
791
Calculate the remainder when 1485000 is divided by 82499.
18
Calculate the remainder when 5629953 is divided by 817.
6
What is the remainder when 609649 is divided by 1999?
1953
Calculate the remainder when 14907683 is divided by 132.
131
What is the remainder when 56112 is divided by 54603?
1509
What is the remainder when 5212525 is divided by 13900?
25
What is the remainder when 141572 is divided by 70724?
124
Calculate the remainder when 384196 is divided by 240.
196
Calculate the remainder when 10728 is divided by 2886.
2070
Calculate the remainder when 356643 is divided by 552.
51
Calculate the remainder when 2804413 is divided by 934800.
13
What is the remainder when 725399672 is divided by 9191?
9188
Calculate the remainder when 8540355 is divided by 4270170.
15
Calculate the remainder when 868175 is divided by 1235.
1205
What is the remainder when 5887838 is divided by 469?
12
What is the remainder when 796007 is divided by 347?
336
Calculate the remainder when 111112245 is divided by 24.
21
Calculate the remainder when 680759 is divided by 1041.
986
Calculate the remainder when 47640 is divided by 3968.
24
Calculate the remainder when 1098847 is divided by 125.
97
What is the remainder when 149235 is divided by 148401?
834
Calculate the remainder when 109248 is divided by 599.
230
Calculate the remainder when 431007 is divided by 25348.
91
Calculate the remainder when 389617 is divided by 129800.
217
What is the remainder when 14771400 is divided by 76?
40
Calculate the remainder when 1094645 is divided by 364856.
77
What is the remainder when 2676438 is divided by 33?
6
What is the remainder when 9200125 is divided by 267?
106
What is the remainder when 46391 is divided by 1711?
194
What is the remainder when 2567110 is divided by 636?
214
Calculate the remainder when 48095407 is divided by 508.
507
What is the remainder when 25085 is divided by 1390?
65
What is the remainder when 192106 is divided by 112?
26
What is the remainder when 27479016 is divided by 111251?
19
What is the remainder when 166060 is divided by 83021?
18
Calculate the remainder when 387015 is divided by 193408.
199
Calculate the remainder when 2642423 is divided by 972.
527
Calculate the remainder when 58232 is divided by 5970.
4502
Calculate the remainder when 54564089 is divided by 21.
20
What is the remainder when 34847235 is divided by 73055?
0
What is the remainder when 301071 is divided by 2892?
303
What is the remainder when 306674 is divided by 25542?
170
What is the remainder when 1297576 is divided by 231?
49
Calculate the remainder when 151478885 is divided by 4327968.
5
Calculate the remainder when 868929 is divided by 258.
243
Calculate the remainder when 607421 is divided by 17.
11
What is the remainder when 64977 is divided by 4963?
458
Calculate the remainder when 8532710 is divided by 775700.
10
Calculate the remainder when 58508242 is divided by 2403.
2401
What is the remainder when 2384689 is divided by 9066?
331
What is the remainder when 173425588 is divided by 390?
388
What is the remainder when 4383852 is divided by 14468?
48
What is the remainder when 473925 is divided by 403?
400
What is the remainder when 737675 is divided by 2794?
59
What is the remainder when 74698 is divided by 16999?
6702
What is the remainder when 147430 is divided by 5113?
4266
Calculate the remainder when 438651 is divided by 216.
171
Calculate the remainder when 219877 is divided by 6874.
6783
What is the remainder when 13179 is divided by 1401?
570
Calculate the remainder when 44337 is divided by 40870.
3467
Calculate the remainder when 114496 is divided by 114423.
73
What is the remainder when 91343 is divided by 680?
223
Calculate the remainder when 15466 is divided by 15168.
298
What is the remainder when 14474492 is divided by 33?
32
What is the remainder when 12793326 is divided by 12?
6
What is the remainder when 57022 is divided by 8116?
210
What is the remainder when 301240752 is divided by 318?
306
Calculate the remainder when 22711 is divided by 6829.
2224
Calculate the remainder when 5677505 is divided by 331.
193
What is the remainder when 6048570 is divided by 1649?
38
What is the remainder when 248272 is divided by 89?
51
What is the remainder when 12037420 is divided by 1420?
80
Calculate the remainder when 168986 is divided by 246.
230
What is the remainder when 24503344 is divided by 121907?
37
Calculate the remainder when 14297262 is divided by 15.
12
Calculate the remainder when 33898 is divided by 33847.
51
Calculate the remainder when 116179 is divided by 2576.
259
Calculate the remainder when 3837398 is divided by 1125.
23
Calculate the remainder when 64016 is divided by 509.
391
Calculate the remainder when 1185238 is divided by 1001.
54
Calculate the remainder when 2996640 is divided by 998866.
42
What is the remainder when 737075 is divided by 184261?
31
Calculate the remainder when 398845 is divided by 33235.
25
What is the remainder when 24299 is divided by 8072?
83
Calculate the remainder when 4033 is divided by 732.
373
Calculate the remainder when 28525638 is divided by 10.
8
What is the remainder when 49166 is divided by 12274?
70
Calculate the remainder